7. What is d(12)?
-3
Let b(c) = -6*c**3 - 439*c**2 - 71*c + 70. Determine b(-73).
-76
Let h(i) = -331*i - 8955. Calculate h(-27).
-18
Let m(i) = -158*i**2 + 1242*i + 14. Calculate m(8).
-162
Let u(s) = -2*s**3 + 32*s**2 + 91*s - 2081. What is u(14)?
-23
Let q(r) = 3*r**3 + 17*r**2 + 54*r + 353. Determine q(-6).
-7
Let c(p) = -17*p - 203. Determine c(-11).
-16
Let b(c) = 17*c**2 - 165*c + 7. What is b(10)?
57
Let q(i) = -3*i**3 - 4*i**2 + i + 3. Determine q(-1).
1
Let x(i) = -189*i + 183. Give x(1).
-6
Let o(n) = 512*n + 517. Give o(-1).
5
Let y(b) = -70*b**2 + 937*b - 1879. Give y(2).
-285
Let f(y) = 2*y**2 - 4*y - 31. Determine f(8).
65
Let m(s) = 24*s**2 - 530*s + 176. Calculate m(22).
132
Let a(w) = 20*w**2 - 10*w - 58. Calculate a(-5).
492
Let j(f) = -14*f - 958. What is j(-67)?
-20
Let b(s) = -13*s**3 + 3*s**2 - 11*s + 11. Determine b(1).
-10
Let n(k) = -k**3 + 38*k**2 - 244*k + 7659. Give n(37).
0
Let y(z) = 362*z + 4382. Determine y(-12).
38
Let w(t) = 733*t - 3694. Calculate w(5).
-29
Let q(h) = h**2 + 463*h - 65784. Calculate q(-577).
-6
Let o(v) = -52*v**2 - 5*v - 4. Calculate o(-1).
-51
Let t(w) = -w**3 - 253*w**2 - 1488*w - 44. Give t(-6).
-8
Let x(d) = 3*d**2 + 8*d + 32. What is x(9)?
347
Let o(x) = x**2 - x - 12. Give o(3).
-6
Let r(b) = 4*b**2 + 55*b - 1268. What is r(-26)?
6
Let j(m) = -27*m - 128. Give j(6).
-290
Let z(v) = -65*v**2 - 32*v + 34. Calculate z(1).
-63
Let c(x) = -1894*x + 20827. Calculate c(11).
-7
Let w(x) = x**2 - 69*x - 315. Calculate w(74).
55
Let p(k) = 7*k**2 - 23*k - 90. Give p(-5).
200
Let m(i) = -2920*i + 5850. Calculate m(2).
10
Let p(q) = 72*q - 407. Calculate p(6).
25
Let j(i) = -96*i - 5. What is j(2)?
-197
Let c(k) = k - 30. What is c(-20)?
-50
Let y(o) = 2361*o + 2356. Give y(-1).
-5
Let v(f) = -55*f - 559. Determine v(-10).
-9
Let a(x) = x**3 - 22*x**2 + 104*x - 105. Determine a(16).
23
Let x(p) = -2*p**3 + 4*p**2 - 7*p - 3. Calculate x(3).
-42
Let w(d) = -d**3 + 83*d**2 + 534*d + 2. What is w(89)?
2
Let g(h) = h**2 + 60*h - 2015. What is g(-83)?
-106
Let m(h) = -h**2 + 22*h + 58. Determine m(-7).
-145
Let i(p) = 806*p + 5634. Calculate i(-7).
-8
Let h(y) = -39*y + 158. Give h(10).
-232
Let s(m) = -m**2 - 73*m + 469. What is s(6)?
-5
Let v(y) = -4*y**3 + 18*y**2 + 6*y - 14. Determine v(5).
-34
Let o(d) = 3*d**2 + 22*d + 14. Give o(-5).
-21
Let f(a) = 2*a**2 + 403*a + 600. Calculate f(-200).
0
Let x(p) = -49*p - 255. Give x(7).
-598
Let p(f) = -8*f**2 - 236*f + 62. What is p(-29)?
178
Let q(l) = 203*l + 14210. Determine q(-70).
0
Let a(h) = 30*h**2 - 459*h - 348. Determine a(16).
-12
Let j(b) = -54*b + 201. What is j(7)?
-177
Let q(j) = -100*j + 1796. What is q(18)?
-4
Let f(j) = j**2 - 74*j + 515. What is f(22)?
-629
Let b(h) = h**3 + 16*h**2 + 31*h + 31. Determine b(-14).
-11
Let c(w) = w**2 + 4284*w - 17136. Give c(4).
16
Let h(l) = 226*l - 906. Give h(4).
-2
Let s(w) = -3*w**2 + 20*w - 10. What is s(6)?
2
Let i(d) = d**3 + 8*d**2 - 153*d - 39. What is i(-17)?
-39
Let j(g) = 24*g + 873. What is j(-34)?
57
Let w(f) = -11*f - 173. Give w(-22).
69
Let i(l) = l**2 + 13. What is i(15)?
238
Let r(d) = 55*d - 436. Calculate r(7).
-51
Let z(t) = -133*t - 30598. Give z(-230).
-8
Let a(o) = o**2 + 154*o - 3677. Give a(21).
-2
Let x(s) = s**2 + 167*s - 11665. Give x(53).
-5
Let h(a) = -5*a - 136. Calculate h(10).
-186
Let s(d) = d**2 - 32*d - 808. Determine s(-15).
-103
Let h(m) = -1078*m + 3222. Determine h(3).
-12
Let b(q) = 17*q**2 - 207*q + 43. Calculate b(12).
7
Let h(s) = -17*s**2 - 14*s - 6. Give h(-1).
-9
Let m(f) = -10*f**3 + 3*f**2 - 30*f + 87. Determine m(3).
-246
Let x(d) = 3*d**2 + 22*d + 8. What is x(-7)?
1
Let w(r) = r**2 + 33*r + 129. Give w(-7).
-53
Let d(v) = 228*v - 234. Give d(1).
-6
Let h(o) = -4*o**2 + 149*o - 453. Give h(34).
-11
Let x(f) = f**3 + 23*f**2 - 859*f + 17. Calculate x(20).
37
Let d(f) = -f**2 - 42*f - 360. What is d(-16)?
56
Let p(x) = -x**2 - 124*x - 495. Give p(-4).
-15
Let m(c) = -315*c + 3734. What is m(12)?
-46
Let u(f) = -3*f**2 - 17*f - 62. Determine u(-5).
-52
Let s(x) = 8*x**2 - 312*x - 5399. Determine s(-13).
9
Let w(p) = 3*p**2 + 32*p - 110. What is w(4)?
66
Let y(q) = -2976*q + 11914. Give y(4).
10
Let h(z) = -2*z**2 + 556*z - 31940. Calculate h(81).
-26
Let a(o) = -48*o + 1285. Calculate a(27).
-11
Let l(g) = g**3 - 47*g**2 + 134*g - 68. What is l(44)?
20
Let c(s) = s**3 - 16*s**2 - 38*s + 31. Determine c(18).
-5
Let d(m) = -11*m**2 - 220*m - 6. Determine d(-20).
-6
Let k(n) = -91*n + 5410. What is k(59)?
41
Let f(a) = -a**3 + 25*a**2 - 21*a + 526. Give f(25).
1
Let r(c) = 27*c**3 + 8*c**2 - 13*c + 8. What is r(2)?
230
Let y(h) = h**3 - 35*h**2 - 37*h - 64. What is y(36)?
-100
Let o(h) = 3*h**2 - 9*h - 32. Give o(10).
178
Let h(u) = u**3 + 7*u**2 - 35*u - 138. Give h(-9).
15
Let t(p) = p**2 + 38*p - 3086. Give t(-78).
34
Let c(z) = -4*z**3 - 14*z**2 - 26*z + 10. Determine c(-2).
38
Let l(c) = -412*c - 2523. What is l(-6)?
-51
Let w(l) = -l**3 - 17*l**2 - 44*l + 295. What is w(-10)?
35
Let g(j) = 1396*j - 107488. Calculate g(77).
4
Let i(t) = 2*t**3 - 73*t**2 - 35*t. Determine i(37).
74
Let m(w) = -w**2 + 54*w + 576. Calculate m(63).
9
Let u(r) = 2*r**3 + 11*r**2 + 8*r + 2. Calculate u(-5).
-13
Let i(v) = -3*v + 222. Give i(13).
183
Let a(y) = 130*y + 636. What is a(-5)?
-14
Let p(t) = 22*t + 16. What is p(6)?
148
Let w(j) = 10*j - 253. What is w(17)?
-83
Let o(k) = -2*k**2 - 74*k - 347. What is o(-6)?
25
Let y(n) = -3*n**2 - 1580*n + 12830. What is y(8)?
-2
Let i(s) = s**2 + 130*s + 2788. Calculate i(-102).
-68
Let a(k) = k**3 - 9*k**2 + 296*k - 1989. Calculate a(7).
-15
Let m(q) = -3*q**3 + 5*q**2 + 9*q - 24. What is m(4)?
-100
Let j(p) = -5*p**2 - 192*p - 908. Give j(-33).
-17
Let s(c) = -7*c**2 - 72*c + 7. Give s(-8).
135
Let f(p) = p**2 - 29*p + 55. Calculate f(21).
-113
Let l(h) = h**3 - 5*h**2 + 8*h + 23. Calculate l(6).
107
Let g(i) = -5939*i + 47518. What is g(8)?
6
Let l(z) = z**3 - 20*z**2 + 4*z + 148. Calculate l(19).
-137
Let s(n) = -493*n - 987. Calculate s(-2).
-1
Let p(t) = 2*t**3 + 30*t**2 - 23*t + 16. Calculate p(-16).
-128
Let d(p) = -1694*p + 13551. Determine d(8).
-1
Let q(l) = l**3 - 19*l**2 + 110*l - 92. What is q(14)?
468
Let n(q) = -q**3 - 34*q**2 - q + 37. Give n(0).
37
Let r(h) = -101*h - 10916. Give r(-108).
-8
Let c(k) = 13*k - 147. What is c(12)?
9
Let c(i) = i**3 - 13*i**2 - 20*i + 365. Calculate c(12).
-19
Let v(g) = -g**2 - 51*g - 269. Give v(-45).
1
Let i(p) = p**3 - 105*p**2 - 8*p + 858. Determine i(105).
18
Let a(h) = -h**3 - 15*h**2 + 97*h - 286. Determine a(-20).
-226
Let q(a) = -2*a**2 - 14*a + 54. Give q(-10).
-6
Let l(j) = 10*j**3 - 2*j**2 - 17. Give l(-3).
-305
Let o(b) = 700*b - 4893. Calculate o(7).
7
Let r(y) = 2460*y - 17221. Give r(7).
-1
Let k(q) = 863*q - 1721. Calculate k(2).
5
Let w(r) = 4*r**3 + 8*r**2 - 6*r + 3. Determine w(-4).
-101
Let s(k) = k**2 - 11*k - 3269. Calculate s(63).
7
Let z(x) = x**2 - 118*x + 981. Determine z(9).
0
Let g(b) = -4*b**2 + 103*b - 584. What is g(6)?
-110
Let m(t) = -t**2 - 67*t - 208. Give m(-64).
-16
Let b(i) = 4*i**2 + 437*i - 1362. Determine b(3).
-15
Let q(d) = 4*d**2 - 68*d - 89. Calculate q(18).
-17
Let n(w) = -w**3 - 26*w**2 + 230*w + 43. Calculate n(-33).
76
Let k(r) = -168*r**2 + 866*r - 3. What is k(5)?
127
Let f(v) = -89*v - 66. Give f(-1).
23
Let d(z) = z**2 + 284*z + 16767. Calculate d(-83).
84
Let i(r) = -2*r**3 - 10*r**2 + 8*r - 11. Give i(-6).
13
Let d(j) = j**3 + 15*j**2 - 344*j - 5219. Calculate d(-18).
1
Let t(p) = 3*p**2 - 44*p + 61. Determine t(14).
33
Let w(n) = -n**3 + 87*n**2 - 90*n + 345. Determine w(86).
1
Let n(t) = -373*t - 7466. What is n(-20)?
-6
Let o(r) = -r**3 - 12*r**2 - 27*r - 5. What is o(-7)?
-61
Let y(g) = -g**3 + 6*g**2 + 21*g + 22. Calculate y(9).
-32
Let k(u) = u**3 + 4*u**2 + 12*u + 464. Calculate k(0).
464
Let n(s) = 12*s**2 - 8*s - 85. Calculate n(-4).
139
Let f(u) = u**3 + 190*u**2 + 5060*u + 143. Calculate f(-32).
15
Let h(w) = -w**3 + 68*w**2 - 3*w + 211. Give h(68).
7
Let d(p) = 10*p + 227. Calculate d(-22).
7
Let x(n) = -n**3 + 30*n**2 - 3*n + 122. Determine x(30).
32
Let k(n) = -23*n - 148. What is k(7)?
-309
Let s(i) = i**3 + 14*i**2 - 58*i - 122. Calculate s(-17).
-3
Let p(z) = -z**3 + 76*z**2 - 220*z + 47. Determine p(73)